{"id":509,"date":"2021-02-03T11:35:19","date_gmt":"2021-02-03T11:35:19","guid":{"rendered":"http:\/\/volvo4xx.hu\/?page_id=509"},"modified":"2023-08-03T14:01:07","modified_gmt":"2023-08-03T14:01:07","slug":"talalkozok","status":"publish","type":"page","link":"https:\/\/volvo4xx.hu\/?page_id=509","title":{"rendered":"Tal\u00e1lkoz\u00f3k"},"content":{"rendered":"\n<h2 class=\"wp-block-heading has-text-align-center\">2023.08.04-t\u0151l: RUKKEL t\u00f3n\u00e1l a III. Ny\u00e1ri VOLVO Tal\u00e1lkoz\u00f3, augusztus 4-6.! Az \u00f6sszes inf\u00f3t <a rel=\"noreferrer noopener\" href=\"https:\/\/www.facebook.com\/events\/3510348735856703\/\" target=\"_blank\">ITT<\/a> tal\u00e1lj\u00e1tok!<\/h2>\n\n\n\n<hr class=\"wp-block-separator has-alpha-channel-opacity is-style-wide\"\/>\n\n\n\n<h2 class=\"wp-block-heading has-text-align-center\">2022.08.05-t\u0151l: RUKKEL t\u00f3n\u00e1l a II. Ny\u00e1ri VOLVO Tal\u00e1lkoz\u00f3, augusztus 5-7.! Az \u00f6sszes inf\u00f3t <a href=\"https:\/\/www.facebook.com\/events\/422082133007295\/\">ITT<\/a> tal\u00e1lj\u00e1tok!<\/h2>\n\n\n\n<hr class=\"wp-block-separator has-css-opacity is-style-wide\"\/>\n\n\n\n<figure class=\"wp-block-image\"><a href=\"http:\/\/volvo4xx.hu\/wp-content\/uploads\/2021\/02\/taliposzterek-1-scaled.jpg\"><img decoding=\"async\" src=\"http:\/\/volvo4xx.hu\/wp-content\/uploads\/2021\/02\/taliposzterek-1-1024x768.jpg\" alt=\"A k\u00e9phez tartoz\u00f3 alt jellemz\u0151 \u00fcres; taliposzterek-1-1024x768.jpg a f\u00e1jln\u00e9v\"\/><\/a><figcaption class=\"wp-element-caption\">Az els\u0151 13 Orsz\u00e1gos Volvo Tal\u00e1lkoz\u00f3 plak\u00e1tjainak koll\u00e1zsa<\/figcaption><\/figure>\n\n\n\n<figure class=\"wp-block-image\"><a href=\"http:\/\/volvo4xx.hu\/wp-content\/uploads\/2021\/02\/taliposzterek2-scaled.jpg\"><img decoding=\"async\" src=\"http:\/\/volvo4xx.hu\/wp-content\/uploads\/2021\/02\/taliposzterek2-1024x768.jpg\" alt=\"A k\u00e9phez tartoz\u00f3 alt jellemz\u0151 \u00fcres; taliposzterek2-1024x768.jpg a f\u00e1jln\u00e9v\"\/><\/a><figcaption class=\"wp-element-caption\">A XII-XXI. Orsz\u00e1gos Volvo Tal\u00e1lkoz\u00f3k plak\u00e1tjai<\/figcaption><\/figure>\n\n\n\n<hr class=\"wp-block-separator has-css-opacity is-style-wide\"\/>\n\n\n\n<figure class=\"wp-block-image size-large\"><img loading=\"lazy\" decoding=\"async\" width=\"1024\" height=\"598\" src=\"http:\/\/volvo4xx.hu\/wp-content\/uploads\/2021\/02\/est_4-1024x598.jpg\" alt=\"\" class=\"wp-image-503\" srcset=\"https:\/\/volvo4xx.hu\/wp-content\/uploads\/2021\/02\/est_4-1024x598.jpg 1024w, https:\/\/volvo4xx.hu\/wp-content\/uploads\/2021\/02\/est_4-300x175.jpg 300w, https:\/\/volvo4xx.hu\/wp-content\/uploads\/2021\/02\/est_4-768x449.jpg 768w, https:\/\/volvo4xx.hu\/wp-content\/uploads\/2021\/02\/est_4-1536x897.jpg 1536w, https:\/\/volvo4xx.hu\/wp-content\/uploads\/2021\/02\/est_4-2048x1197.jpg 2048w\" sizes=\"(max-width: 1024px) 100vw, 1024px\" \/><figcaption class=\"wp-element-caption\">A sz\u00e9kelyf\u00f6ldi Gyergy\u00f3szentmikl\u00f3son tartott t\u00f6bbnapos EST t\u00far\u00e1k eml\u00e9klog\u00f3i<\/figcaption><\/figure>\n\n\n\n<hr class=\"wp-block-separator has-css-opacity is-style-wide\"\/>\n\n\n\n<figure class=\"wp-block-image\"><img decoding=\"async\" src=\"http:\/\/volvo4xx.hu\/wp-content\/uploads\/2021\/02\/DSC08498.jpg\" alt=\"\"\/><figcaption class=\"wp-element-caption\">I-II. VOLVO 4XX Orsz\u00e1gos Tal\u00e1lkoz\u00f3, Karcag, Bodrogkisfalud<\/figcaption><\/figure>\n\n\n\n<figure class=\"wp-block-gallery has-nested-images columns-default is-cropped wp-block-gallery-1 is-layout-flex wp-block-gallery-is-layout-flex\">\n<figure class=\"wp-block-image size-large\"><img loading=\"lazy\" decoding=\"async\" width=\"1024\" height=\"413\" data-id=\"476\" src=\"http:\/\/volvo4xx.hu\/wp-content\/uploads\/2021\/02\/pano1a-1-1024x413.jpg\" alt=\"\" class=\"wp-image-476\" srcset=\"https:\/\/volvo4xx.hu\/wp-content\/uploads\/2021\/02\/pano1a-1-1024x413.jpg 1024w, https:\/\/volvo4xx.hu\/wp-content\/uploads\/2021\/02\/pano1a-1-300x121.jpg 300w, https:\/\/volvo4xx.hu\/wp-content\/uploads\/2021\/02\/pano1a-1-768x310.jpg 768w, https:\/\/volvo4xx.hu\/wp-content\/uploads\/2021\/02\/pano1a-1.jpg 1518w\" sizes=\"(max-width: 1024px) 100vw, 1024px\" \/><\/figure>\n\n\n\n<figure class=\"wp-block-image size-large\"><img loading=\"lazy\" decoding=\"async\" width=\"800\" height=\"600\" data-id=\"465\" src=\"http:\/\/volvo4xx.hu\/wp-content\/uploads\/2021\/02\/4xx-1.jpg\" alt=\"\" class=\"wp-image-465\" srcset=\"https:\/\/volvo4xx.hu\/wp-content\/uploads\/2021\/02\/4xx-1.jpg 800w, https:\/\/volvo4xx.hu\/wp-content\/uploads\/2021\/02\/4xx-1-300x225.jpg 300w, https:\/\/volvo4xx.hu\/wp-content\/uploads\/2021\/02\/4xx-1-768x576.jpg 768w\" sizes=\"(max-width: 800px) 100vw, 800px\" \/><\/figure>\n\n\n\n<figure class=\"wp-block-image size-large\"><img loading=\"lazy\" decoding=\"async\" width=\"1023\" height=\"779\" data-id=\"484\" src=\"http:\/\/volvo4xx.hu\/wp-content\/uploads\/2021\/02\/scharm480asa.jpg\" alt=\"\" class=\"wp-image-484\" srcset=\"https:\/\/volvo4xx.hu\/wp-content\/uploads\/2021\/02\/scharm480asa.jpg 1023w, https:\/\/volvo4xx.hu\/wp-content\/uploads\/2021\/02\/scharm480asa-300x228.jpg 300w, https:\/\/volvo4xx.hu\/wp-content\/uploads\/2021\/02\/scharm480asa-768x585.jpg 768w\" sizes=\"(max-width: 1023px) 100vw, 1023px\" \/><\/figure>\n\n\n\n<figure class=\"wp-block-image size-large\"><img loading=\"lazy\" decoding=\"async\" width=\"1022\" height=\"319\" data-id=\"483\" src=\"http:\/\/volvo4xx.hu\/wp-content\/uploads\/2021\/02\/scharm_csapat-2.jpg\" alt=\"\" class=\"wp-image-483\" srcset=\"https:\/\/volvo4xx.hu\/wp-content\/uploads\/2021\/02\/scharm_csapat-2.jpg 1022w, https:\/\/volvo4xx.hu\/wp-content\/uploads\/2021\/02\/scharm_csapat-2-300x94.jpg 300w, https:\/\/volvo4xx.hu\/wp-content\/uploads\/2021\/02\/scharm_csapat-2-768x240.jpg 768w\" sizes=\"(max-width: 1022px) 100vw, 1022px\" \/><\/figure>\n<\/figure>\n\n\n\n<hr class=\"wp-block-separator has-css-opacity is-style-wide\"\/>\n\n\n\n<figure class=\"wp-block-image\"><img decoding=\"async\" src=\"http:\/\/volvo4xx.hu\/wp-content\/uploads\/2021\/02\/Plakat_Volvo4xx_III_rs.png\" alt=\"A k\u00e9phez tartoz\u00f3 alt jellemz\u0151 \u00fcres; Plakat_Volvo4xx_III_rs.png a f\u00e1jln\u00e9v\"\/><\/figure>\n\n\n<div class=\"wp-block-image\">\n<figure class=\"aligncenter\"><img decoding=\"async\" src=\"http:\/\/volvo4xx.hu\/wp-content\/uploads\/2021\/02\/Majalis_4xx.png\" alt=\"A k\u00e9phez tartoz\u00f3 alt jellemz\u0151 \u00fcres; Majalis_4xx.png a f\u00e1jln\u00e9v\"\/><figcaption class=\"wp-element-caption\">A COVID sajnos k\u00f6zbesz\u00f3lt, a megszervezett tal\u00e1lkoz\u00f3 elmaradt&#8230;<\/figcaption><\/figure><\/div>\n\n\n<hr class=\"wp-block-separator has-css-opacity is-style-wide\"\/>\n\n\n\n<p class=\"has-text-align-center\"><em>A honlapon szerepl\u0151 anyagok, k\u00e9pek a \u201cVolvo Car Corporation\u201d \u00e9s a magyarorsz\u00e1gi Volvo tulajdonosok szellemi tulajdon\u00e1t k\u00e9pezik!<\/em><\/p>\n","protected":false},"excerpt":{"rendered":"<p>2023.08.04-t\u0151l: RUKKEL t\u00f3n\u00e1l a III. Ny\u00e1ri VOLVO Tal\u00e1lkoz\u00f3, augusztus 4-6.! Az \u00f6sszes inf\u00f3t ITT tal\u00e1lj\u00e1tok! 2022.08.05-t\u0151l: RUKKEL t\u00f3n\u00e1l a II. Ny\u00e1ri VOLVO Tal\u00e1lkoz\u00f3, augusztus 5-7.! Az \u00f6sszes inf\u00f3t ITT tal\u00e1lj\u00e1tok! A honlapon szerepl\u0151 anyagok, k\u00e9pek a \u201cVolvo Car Corporation\u201d \u00e9s a magyarorsz\u00e1gi Volvo tulajdonosok szellemi tulajdon\u00e1t k\u00e9pezik!<\/p>\n","protected":false},"author":1,"featured_media":0,"parent":0,"menu_order":0,"comment_status":"closed","ping_status":"closed","template":"","meta":{"_exactmetrics_skip_tracking":false,"_exactmetrics_sitenote_active":false,"_exactmetrics_sitenote_note":"","_exactmetrics_sitenote_category":0,"footnotes":""},"_links":{"self":[{"href":"https:\/\/volvo4xx.hu\/index.php?rest_route=\/wp\/v2\/pages\/509"}],"collection":[{"href":"https:\/\/volvo4xx.hu\/index.php?rest_route=\/wp\/v2\/pages"}],"about":[{"href":"https:\/\/volvo4xx.hu\/index.php?rest_route=\/wp\/v2\/types\/page"}],"author":[{"embeddable":true,"href":"https:\/\/volvo4xx.hu\/index.php?rest_route=\/wp\/v2\/users\/1"}],"replies":[{"embeddable":true,"href":"https:\/\/volvo4xx.hu\/index.php?rest_route=%2Fwp%2Fv2%2Fcomments&post=509"}],"version-history":[{"count":9,"href":"https:\/\/volvo4xx.hu\/index.php?rest_route=\/wp\/v2\/pages\/509\/revisions"}],"predecessor-version":[{"id":2076,"href":"https:\/\/volvo4xx.hu\/index.php?rest_route=\/wp\/v2\/pages\/509\/revisions\/2076"}],"wp:attachment":[{"href":"https:\/\/volvo4xx.hu\/index.php?rest_route=%2Fwp%2Fv2%2Fmedia&parent=509"}],"curies":[{"name":"wp","href":"https:\/\/api.w.org\/{rel}","templated":true}]}}

Találkozók

<h2 class="wp-block-heading has-text-align-center">2023.08.04-től: RUKKEL tónál a III. Nyári VOLVO Találkozó, augusztus 4-6.! Az összes infót <a rel="noreferrer noopener" href="https://www.facebook.com/events/3510348735856703/" target="_blank">ITT</a> találjátok!</h2>



<hr class="wp-block-separator has-alpha-channel-opacity is-style-wide"/>



<h2 class="wp-block-heading has-text-align-center">2022.08.05-től: RUKKEL tónál a II. Nyári VOLVO Találkozó, augusztus 5-7.! Az összes infót <a href="https://www.facebook.com/events/422082133007295/">ITT</a> találjátok!</h2>



<hr class="wp-block-separator has-css-opacity is-style-wide"/>



<figure class="wp-block-image"><a href="http://volvo4xx.hu/wp-content/uploads/2021/02/taliposzterek-1-scaled.jpg"><img decoding="async" src="http://volvo4xx.hu/wp-content/uploads/2021/02/taliposzterek-1-1024x768.jpg" alt="A képhez tartozó alt jellemző üres; taliposzterek-1-1024x768.jpg a fájlnév"/></a><figcaption class="wp-element-caption">Az első 13 Országos Volvo Találkozó plakátjainak kollázsa</figcaption></figure>



<figure class="wp-block-image"><a href="http://volvo4xx.hu/wp-content/uploads/2021/02/taliposzterek2-scaled.jpg"><img decoding="async" src="http://volvo4xx.hu/wp-content/uploads/2021/02/taliposzterek2-1024x768.jpg" alt="A képhez tartozó alt jellemző üres; taliposzterek2-1024x768.jpg a fájlnév"/></a><figcaption class="wp-element-caption">A XII-XXI. Országos Volvo Találkozók plakátjai</figcaption></figure>



<hr class="wp-block-separator has-css-opacity is-style-wide"/>



<figure class="wp-block-image size-large"><img loading="lazy" decoding="async" width="1024" height="598" src="http://volvo4xx.hu/wp-content/uploads/2021/02/est_4-1024x598.jpg" alt="" class="wp-image-503" srcset="https://volvo4xx.hu/wp-content/uploads/2021/02/est_4-1024x598.jpg 1024w, https://volvo4xx.hu/wp-content/uploads/2021/02/est_4-300x175.jpg 300w, https://volvo4xx.hu/wp-content/uploads/2021/02/est_4-768x449.jpg 768w, https://volvo4xx.hu/wp-content/uploads/2021/02/est_4-1536x897.jpg 1536w, https://volvo4xx.hu/wp-content/uploads/2021/02/est_4-2048x1197.jpg 2048w" sizes="(max-width: 1024px) 100vw, 1024px" /><figcaption class="wp-element-caption">A székelyföldi Gyergyószentmiklóson tartott többnapos EST túrák emléklogói</figcaption></figure>



<hr class="wp-block-separator has-css-opacity is-style-wide"/>



<figure class="wp-block-image"><img decoding="async" src="http://volvo4xx.hu/wp-content/uploads/2021/02/DSC08498.jpg" alt=""/><figcaption class="wp-element-caption">I-II. VOLVO 4XX Országos Találkozó, Karcag, Bodrogkisfalud</figcaption></figure>



<figure class="wp-block-gallery has-nested-images columns-default is-cropped wp-block-gallery-1 is-layout-flex wp-block-gallery-is-layout-flex">
<figure class="wp-block-image size-large"><img loading="lazy" decoding="async" width="1024" height="413" data-id="476" src="http://volvo4xx.hu/wp-content/uploads/2021/02/pano1a-1-1024x413.jpg" alt="" class="wp-image-476" srcset="https://volvo4xx.hu/wp-content/uploads/2021/02/pano1a-1-1024x413.jpg 1024w, https://volvo4xx.hu/wp-content/uploads/2021/02/pano1a-1-300x121.jpg 300w, https://volvo4xx.hu/wp-content/uploads/2021/02/pano1a-1-768x310.jpg 768w, https://volvo4xx.hu/wp-content/uploads/2021/02/pano1a-1.jpg 1518w" sizes="(max-width: 1024px) 100vw, 1024px" /></figure>



<figure class="wp-block-image size-large"><img loading="lazy" decoding="async" width="800" height="600" data-id="465" src="http://volvo4xx.hu/wp-content/uploads/2021/02/4xx-1.jpg" alt="" class="wp-image-465" srcset="https://volvo4xx.hu/wp-content/uploads/2021/02/4xx-1.jpg 800w, https://volvo4xx.hu/wp-content/uploads/2021/02/4xx-1-300x225.jpg 300w, https://volvo4xx.hu/wp-content/uploads/2021/02/4xx-1-768x576.jpg 768w" sizes="(max-width: 800px) 100vw, 800px" /></figure>



<figure class="wp-block-image size-large"><img loading="lazy" decoding="async" width="1023" height="779" data-id="484" src="http://volvo4xx.hu/wp-content/uploads/2021/02/scharm480asa.jpg" alt="" class="wp-image-484" srcset="https://volvo4xx.hu/wp-content/uploads/2021/02/scharm480asa.jpg 1023w, https://volvo4xx.hu/wp-content/uploads/2021/02/scharm480asa-300x228.jpg 300w, https://volvo4xx.hu/wp-content/uploads/2021/02/scharm480asa-768x585.jpg 768w" sizes="(max-width: 1023px) 100vw, 1023px" /></figure>



<figure class="wp-block-image size-large"><img loading="lazy" decoding="async" width="1022" height="319" data-id="483" src="http://volvo4xx.hu/wp-content/uploads/2021/02/scharm_csapat-2.jpg" alt="" class="wp-image-483" srcset="https://volvo4xx.hu/wp-content/uploads/2021/02/scharm_csapat-2.jpg 1022w, https://volvo4xx.hu/wp-content/uploads/2021/02/scharm_csapat-2-300x94.jpg 300w, https://volvo4xx.hu/wp-content/uploads/2021/02/scharm_csapat-2-768x240.jpg 768w" sizes="(max-width: 1022px) 100vw, 1022px" /></figure>
</figure>



<hr class="wp-block-separator has-css-opacity is-style-wide"/>



<figure class="wp-block-image"><img decoding="async" src="http://volvo4xx.hu/wp-content/uploads/2021/02/Plakat_Volvo4xx_III_rs.png" alt="A képhez tartozó alt jellemző üres; Plakat_Volvo4xx_III_rs.png a fájlnév"/></figure>


<div class="wp-block-image">
<figure class="aligncenter"><img decoding="async" src="http://volvo4xx.hu/wp-content/uploads/2021/02/Majalis_4xx.png" alt="A képhez tartozó alt jellemző üres; Majalis_4xx.png a fájlnév"/><figcaption class="wp-element-caption">A COVID sajnos közbeszólt, a megszervezett találkozó elmaradt&#8230;</figcaption></figure></div>


<hr class="wp-block-separator has-css-opacity is-style-wide"/>



<p class="has-text-align-center"><em>A honlapon szereplő anyagok, képek a “Volvo Car Corporation” és a magyarországi Volvo tulajdonosok szellemi tulajdonát képezik!</em></p>

<p>2023.08.04-től: RUKKEL tónál a III. Nyári VOLVO Találkozó, augusztus 4-6.! Az összes infót ITT találjátok! 2022.08.05-től: RUKKEL tónál a II. Nyári VOLVO Találkozó, augusztus 5-7.! Az összes infót ITT találjátok! A honlapon szereplő anyagok, képek a “Volvo Car Corporation” és a magyarországi Volvo tulajdonosok szellemi tulajdonát képezik!</p>
